st common factor of 15962956 and 1662.
554
What is the greatest common divisor of 261 and 22400064?
261
Calculate the highest common divisor of 55829205 and 87.
87
Calculate the highest common factor of 7077 and 5421381.
21
Calculate the highest common divisor of 108 and 8481699.
27
What is the highest common divisor of 4368 and 2915360?
112
Calculate the highest common divisor of 1232 and 91511728.
1232
Calculate the highest common divisor of 9778687 and 20.
1
Calculate the greatest common divisor of 33357625 and 67.
67
Calculate the highest common factor of 53 and 382260062.
53
Calculate the highest common factor of 34280225 and 10325.
175
Calculate the highest common factor of 19522 and 2676103.
227
What is the greatest common divisor of 6941288 and 3560?
712
What is the greatest common divisor of 38 and 222788186?
38
What is the greatest common factor of 20880 and 3263660?
580
What is the highest common divisor of 47482796 and 1268?
1268
Calculate the greatest common divisor of 7881 and 5916075.
213
What is the highest common divisor of 22781424 and 48?
48
What is the highest common divisor of 27957501 and 143?
143
Calculate the greatest common factor of 180177272 and 16280.
3256
What is the greatest common divisor of 381825110 and 4605?
1535
Calculate the greatest common divisor of 22905 and 211235.
2545
Calculate the highest common divisor of 52 and 794494415.
13
Calculate the highest common divisor of 3258 and 40907991.
543
What is the greatest common divisor of 1008 and 152784?
144
Calculate the highest common factor of 1836553103 and 1721.
1721
What is the highest common factor of 12480 and 2631600?
240
Calculate the highest common divisor of 57 and 1148932489.
19
What is the highest common divisor of 1746 and 889566630?
582
What is the highest common factor of 35 and 533435?
35
Calculate the greatest common factor of 3 and 12697.
1
What is the greatest common divisor of 384 and 194448?
48
Calculate the highest common divisor of 4181985 and 8280.
45
Calculate the highest common factor of 131354624 and 1536.
512
What is the highest common factor of 1435276 and 10132?
68
Calculate the highest common factor of 4272 and 9334176.
48
Calculate the greatest common divisor of 61 and 227320099.
61
What is the highest common divisor of 28 and 135369087?
7
What is the highest common divisor of 1987116 and 2236?
172
What is the greatest common factor of 23465797 and 17?
17
Calculate the highest common divisor of 28714 and 54880.
98
Calculate the greatest common divisor of 9375 and 4503900.
75
Calculate the greatest common factor of 63 and 1695192.
3
Calculate the highest common factor of 30006982 and 86942.
2998
What is the greatest common divisor of 104567570 and 402?
134
Calculate the greatest common divisor of 8815079 and 91.
91
Calculate the greatest common divisor of 4470851 and 45353.
2387
What is the highest common factor of 123 and 738074292?
123
Calculate the greatest common divisor of 104 and 79849432.
104
What is the greatest common divisor of 7 and 8650817?
7
Calculate the highest common factor of 92712542 and 78.
26
Calculate the greatest common divisor of 297 and 10715067.
99
Calculate the greatest common factor of 48 and 6061488.
48
What is the highest common divisor of 7380 and 39060?
180
Calculate the highest common factor of 318 and 670724805.
159
Calculate the highest common factor of 7845 and 881565.
15
Calculate the greatest common divisor of 47193218 and 1398.
466
What is the highest common factor of 2688744 and 12?
12
What is the highest common factor of 119920182 and 1110?
222
Calculate the greatest common divisor of 160 and 587740.
20
What is the highest common divisor of 20039 and 110171?
29
What is the greatest common factor of 1706525215 and 3215?
3215
Calculate the highest common factor of 23753592 and 5190.
1038
What is the highest common divisor of 11480433 and 145?
29
Calculate the greatest common factor of 106271872 and 2324.
2324
What is the highest common divisor of 755 and 264954415?
755
What is the highest common divisor of 1996929 and 759?
759
What is the greatest common factor of 200595 and 29856?
933
What is the greatest common divisor of 12372 and 433916970?
6186
Calculate the greatest common divisor of 2604375 and 19845.
45
What is the greatest common divisor of 574253 and 1110476?
3803
Calculate the highest common divisor of 7525977 and 55323.
2049
What is the highest common factor of 420221309 and 538?
269
What is the highest common factor of 24095 and 86896208?
4819
Calculate the highest common divisor of 4205389 and 1273.
67
What is the highest common divisor of 2026 and 34297141?
1013
Calculate the greatest common factor of 788 and 268664266.
394
What is the highest common divisor of 960 and 326609760?
480
Calculate the highest common divisor of 3523 and 8949233.
271
What is the greatest common divisor of 1614 and 56556?
6
Calculate the greatest common divisor of 8251 and 159026.
37
What is the greatest common divisor of 2728 and 23608112?
2728
What is the highest common divisor of 40641575 and 3450?
575
What is the highest common divisor of 7296 and 2394038?
38
What is the highest common factor of 144672766 and 112127?
3617
What is the highest common divisor of 6532 and 16036612?
92
Calculate the greatest common factor of 313495 and 912925.
3445
What is the greatest common divisor of 11357 and 10326283?
277
Calculate the greatest common factor of 16317 and 207450.
9
What is the greatest common factor of 33187 and 2291289?
77
Calculate the highest common factor of 756 and 4439925.
63
Calculate the highest common divisor of 406823728 and 752.
752
What is the greatest common factor of 2480 and 19327570?
310
Calculate the highest common divisor of 1810 and 23015.
5
What is the highest common divisor of 13350 and 2103?
3
Calculate the highest common factor of 237376 and 73792.
64
Calculate the greatest common divisor of 75968 and 203696.
16
Calculate the highest common factor of 16341156 and 936.
468
Calculate the highest common factor of 1458 and 32649723.
729
Calculate the highest common divisor of 80278 and 23452.
902
What is the greatest common factor of 744 and 2225248?
8
What is the greatest common factor of 4240 and 5260144?
848
What is the highest common divisor of 1092 and 19508034?
546
What is the highest common factor of 7777 and 12144?
11
What is the greatest common factor of 5595145 and 10?
5
Calculate the highest common factor of 94039 and 247895353.
8549
What is the highest common divisor of 10203776 and 1760?
352
What is the greatest common factor of 32471460 and 114030?
630
Calculate the highest common factor of 21 and 45685227.
21
Calculate the greatest common divisor of 1241 and 451910150.
1241
Calculate the greatest common factor of 113625 and 24435.
45
What is the highest common divisor of 1005 and 22944150?
1005
What is the greatest common divisor of 35750 and 11741950?
550
What is the greatest common factor of 241407 and 227?
1
Calculate the highest common divisor of 7107463 and 44.
11
What is the highest common divisor of 25301477 and 255439?
1627
What is the greatest common factor of 9972 and 3561112?
1108
What is the highest common factor of 5115595 and 295?
295
What is the greatest common factor of 126 and 718049766?
42
What is the highest common divisor of 65102 and 2322?
86
Calculate the greatest common factor of 86 and 1077661399.
43
Calculate the highest common divisor of 3 and 177543267.
3
Calculate the greatest common divisor of 854 and 58651622.
122
Calculate the highest common factor of 347706 and 36942.
282
What is the highest common factor of 607180 and 1680?
140
What is the greatest common factor of 35 and 4254621?
7
Calculate the greatest common divisor of 26235 and 335940.
165
What is the highest common divisor of 319215032 and 61159?
8737
Calculate the greatest common divisor of 340 and 4010725.
85
Calculate the highest common factor of 6370642 and 8.
2
What is the greatest common factor of 142 and 35019046?
142
What is the highest common divisor of 7 and 11945430?
7
Calculate the highest common factor of 22243767 and 13806.
2301
What is the greatest common factor of 866100 and 17100?
300
What is the highest common factor of 84 and 66061863?
21
What is the gr